pose -s*q = -4*q - 16. What are the prime factors of q?
2
Let m(a) = a**3 + 13*a**2 - 16*a + 8. Let r be (-2 - 14) + (-10)/(-5). List the prime factors of m(r).
2, 3
Let f(b) be the first derivative of b**4/2 + 2*b**3/3 - b**2/2 - 3. Let m = -3 + 4. What are the prime factors of f(m)?
3
Let k = -57 - -119. Let b = 106 - k. List the prime factors of b.
2, 11
Suppose w = -5*j + 26, -4*w - 4 = -j - 3. Let d be -10*-2*w/2. List the prime factors of -2 - ((-6)/(-3) - d).
2, 3
Let r be 1/2*(-5 - -5). Suppose r = -f + 3*f - 66. What are the prime factors of f?
3, 11
Let n(m) = -2*m**3 - 19*m**2 + 4*m - 17. Let z(u) = -u**3 - 10*u**2 + 2*u - 9. Let g(w) = -4*n(w) + 7*z(w). What are the prime factors of g(-5)?
2, 5
Let g be 2*(2 - 0/1). Suppose g*i - 2*i = 54. List the prime factors of i.
3
Suppose 0 = -2*t - 10, 4*t + 156 = -5*a + 16. Let g = a + 39. List the prime factors of g.
3, 5
Let p be (-3)/5 + 28/(-20). Let k = p - -26. What are the prime factors of k?
2, 3
Let d(m) = -m**3 + 4*m**2 - 4*m + 3. Let h be d(2). Suppose h*b + 30 = 6*b. What are the prime factors of 5/25 + 18/b?
2
Suppose 0 - 3 = -3*r. Let c be 1 + 3 + 0/r. Suppose -2*k - 5 = -3*k, c*k - 9 = o. List the prime factors of o.
11
Suppose -163 = 19*f - 2329. List the prime factors of f.
2, 3, 19
Let a = -2 - -2. Suppose a*t - 10 = -2*t. List the prime factors of t.
5
Let x be (-16)/(-2) - (0 - 0). Suppose -5*i + x + 17 = 0. Suppose 2*y = i*b - 48, 2*y = b + y - 12. List the prime factors of b.
2
Suppose -3*i = -0*i - 132. List the prime factors of i.
2, 11
List the prime factors of (25/4 - 1)*4.
3, 7
Let z be (9*5)/(3 + -2). List the prime factors of ((-3)/5)/((-9)/z).
3
List the prime factors of (-24)/(-5)*(-10)/(-3).
2
Let o(d) = -3*d**3 + 7*d**2 - 6*d + 6. Let m(p) = 7*p**3 - 14*p**2 + 12*p - 13. Let a(z) = 2*m(z) + 5*o(z). What are the prime factors of a(6)?
2
Let d = -5 - -11. Suppose 0*w + d = 2*w. List the prime factors of 4/(-6) - (-11)/w.
3
Let t = 22 + 13. List the prime factors of t.
5, 7
Let w be -5*(24/10)/(-2). What are the prime factors of (2 + 1)/(w/20)?
2, 5
Let s(u) = u**3 + 5*u**2 + 4*u + 5. Let c be s(-4). Let n = c - 3. Suppose n*y + 5*q = 5*y - 34, 0 = -q - 2. List the prime factors of y.
2
Let q be (26/6)/((-4)/(-60)). Let n(u) = 3*u**3 - u. Let h be n(1). Suppose -7*k + h*k + q = 0. List the prime factors of k.
13
Let g = 0 + 1. Let o = -36 - -35. What are the prime factors of 13 + 3/o + g?
11
Let u(p) = -p**2 + 7*p + 11. Let b = 29 - 21. List the prime factors of u(b).
3
Let w(a) = a**3 + 4*a**2 + 2*a + 4. Let y be w(-4). Let k be 6/(-9) - 52/(-6). Let d = k + y. List the prime factors of d.
2
Suppose -2*n - n + 12 = 0. Suppose 0 = 3*k - 5*d - 26, 5*d - 26 = -5*k + n. List the prime factors of k.
7
Suppose 9*g = 7*g + 688. List the prime factors of g.
2, 43
Suppose 0 = -0*j + 5*j - 65. What are the prime factors of j?
13
Let v = -6 + 9. Suppose v*j = -0*j + 42. What are the prime factors of j?
2, 7
Let g(q) = -q**2 + q + 34. What are the prime factors of g(0)?
2, 17
Let j be 2/12 - 17/(-6). Let g(y) = -y**3 + 4*y**2 + y. What are the prime factors of g(j)?
2, 3
Suppose -27 = -3*z + 5*u, -4*z + 4*u = -7*z. Let d = 1 - z. What are the prime factors of (d - 1)/((-6)/15)?
2, 5
Let l(i) = -i**2 - 4*i + 5. Let r be l(-5). Suppose -3*z + 5*w - 46 = -6*z, 5*z - 3*w - 54 = r. What are the prime factors of z?
2, 3
Let v be 3/(6/8) - -1. Suppose 5*j + 47 = 182. Suppose 0*q + 5*s + j = 4*q, 5*q - v*s = 35. What are the prime factors of q?
2
Let g = -31 - -47. Let i(z) = -z**2 + 5*z - 1. Let a be i(4). Suppose a*w - 67 = -g. What are the prime factors of w?
17
Let s(d) = d + 7. Let h be (2 + -3)*-1*-5. List the prime factors of s(h).
2
Let r(y) = -40*y - 1. List the prime factors of r(-2).
79
Suppose 3*n - 7*n + 20 = 0. Suppose 0 = -q + 23 + 7. Suppose 2*w - n*w = 2*h - 5, 4*h = -2*w + q. What are the prime factors of h?
2, 5
Suppose -3 = 4*b - 5*d, -3*d = -0*b - 3*b. Suppose -3*v + 26 = 3*u - 2*v, 0 = -5*u - b*v + 38. List the prime factors of u.
2, 5
Let v = 19 + 21. List the prime factors of v.
2, 5
Suppose 2*l - 12 - 16 = -3*f, 0 = -3*l - 3*f + 45. Suppose 8 = -5*x - l, 0 = r + 2*x - 22. Suppose -4*k + r = -0*k. What are the prime factors of k?
2
Suppose -w = s, s - 3*w = 2*s + 8. Suppose -f + 7*k - 2*k + 29 = 0, s*k = -5*f + 87. What are the prime factors of f?
19
Let g(m) = -6*m**2 - 2*m + 2. Let n be g(-3). Let w = 27 - n. Suppose 0 = -5*x - 23 + w. List the prime factors of x.
2, 5
Let q(x) = x**2 + x + 55. Let k be q(0). Suppose -k = 3*y - 22. Let c = 18 + y. List the prime factors of c.
7
Suppose -4*c = -4*x - c + 489, 5*x - 612 = 3*c. Suppose -x = 5*w - 313. What are the prime factors of w?
2, 19
Suppose 0 = -5*v + 5*r + 65, 4*v + 2*r - r - 42 = 0. Suppose v*s - 50 = 6*s. What are the prime factors of s?
2, 5
What are the prime factors of ((-60)/48)/(2/(-16))?
2, 5
Let r be (-1)/5 - (-72)/(-40). What are the prime factors of r/((-30)/33)*5?
11
Let t be (-4)/(-22) - (-18)/22. Suppose 1 + t = z. Suppose z*d - 22 = -7*p + 2*p, 5*d - 55 = -3*p. List the prime factors of d.
11
Suppose -5*z + 22 = -2*v, 3*z - 3*v = -5*v + 26. Let m(y) = y**3 - 5*y**2 - 4*y + 2. List the prime factors of m(z).
2, 7
Let w(q) = -3*q + 3. Let j(z) = -6*z**2 - 1. Let r be j(-1). List the prime factors of w(r).
2, 3
Let x = 75 - 67. List the prime factors of x.
2
Suppose 60 = -2*c + 392. List the prime factors of c.
2, 83
Let k(v) = -v - 1. Let d be k(4). What are the prime factors of 7/5 - 3/d?
2
Suppose j = -j + 82. List the prime factors of j.
41
Let z(u) = u**2 + 2. Let l be z(-2). Suppose -j - 290 = -l*j. Suppose 2*f + 3*a = 26, -4*f + j = -a + 4*a. List the prime factors of f.
2
Let u be (-3 - -4)*2 - -10. What are the prime factors of ((-6)/u)/((-2)/116)?
29
Let v(o) = -o**2 - 14*o - 5. Let p be v(-10). Suppose -i + 10 = 3*q - q, 0 = i - 3*q - p. What are the prime factors of i?
2, 5
Suppose 0 = b - 4*r - 17, 5*b = b - 3*r - 8. What are the prime factors of (14 - 3)*b/1?
11
Let x(k) = -k**2 - 6*k + 3. Let z be x(-6). Suppose z*i = -2*i + 40. Suppose 2*n - n = i. List the prime factors of n.
2
Let v be ((-2)/(-6))/(3/9). Let t = v + 2. Suppose 0 = 2*d + 10, t*y + 5*d = -2*y + 15. List the prime factors of y.
2
Let i(h) = h**2 + 2*h + 3. Suppose 2*n - b = 4*b + 11, 2*b + 10 = -2*n. Let d be i(n). What are the prime factors of (-6)/(-18) - (-47)/d?
2
Let a(r) = -2*r - 10. Let k be a(-7). Suppose -k*u = -u - 9. Let v(x) = 2*x**2 - 2*x - 2. What are the prime factors of v(u)?
2, 5
Suppose -m + 70 = 4*j + 2*m, 0 = 4*j - 5*m - 54. Let p(i) = -4*i + 2. Let w be p(2). Let t = w + j. List the prime factors of t.
2, 5
Let j(t) = -20*t - 6. List the prime factors of j(-5).
2, 47
Suppose r = 43 + 114. What are the prime factors of r?
157
Let b = 197 + 89. List the prime factors of b.
2, 11, 13
Suppose 5*s = 2*s + 198. What are the prime factors of s?
2, 3, 11
Let w(z) = -2*z**3 + 8*z**2 + 7*z + 3. Let y(v) = 3*v**3 - 16*v**2 - 13*v - 6. Let j(s) = -5*w(s) - 3*y(s). What are the prime factors of j(-3)?
2, 3
Let u(o) = o**3 + 2*o**2 - 2. Let a be u(-3). Let y = 72 - 50. Let k = y + a. What are the prime factors of k?
11
Suppose -309 = -4*d + 123. List the prime factors of d.
2, 3
Suppose -3*m - 14 = 2*z, 2*z + 0*z = 5*m + 18. Let x be z - (-2)/4*2. Suppose 2*d + x*d = 38. What are the prime factors of d?
19
Suppose 0 = -14*k + 15*k - 5. Suppose -k*i + 45 = -65. List the prime factors of i.
2, 11
Let x(k) = k**3 - 2*k**2 + 1. Let i be x(-1). Let v = i + 2. Suppose v*m = m - 8. What are the prime factors of m?
2
Suppose n - 25 - 81 = -4*q, 0 = -3*q + 4*n + 89. List the prime factors of q/(-3)*(2 + -3).
3
Let f = 18 - -1. List the prime factors of f.
19
Suppose 22 = 4*k + 5*x, -2*x = -5*k - 8 + 19. Suppose 7*l + r - 48 = 2*l, -k*r + 4 = l. List the prime factors of l.
2, 5
Suppose -4*o + 7 = -13. What are the prime factors of o?
5
Suppose 0 = -4*j - 40 + 148. What are the prime factors of j?
3
Suppose 3*b - 8 = 4. Suppose -11 = -b*p + 33. What are the prime factors of p?
11
Suppose -10 = 5*h, x + 10 = -2*x - 2*h. What are the prime factors of (x/6)/(1/(-87))?
29
Suppose -3*h - 2*h + 5*x + 5 = 0, 5*x + 5 = -2*h. Suppose 0 = r - h*r - 48. Suppose 2*d + 2*d - 57 = -3*b, -5*d + 4*b + r = 0. What are th